{"id":179,"date":"2019-08-08T16:13:49","date_gmt":"2019-08-08T14:13:49","guid":{"rendered":"http:\/\/infolabs-telecom.fr\/?page_id=179"},"modified":"2019-08-09T16:50:12","modified_gmt":"2019-08-09T14:50:12","slug":"serveurs","status":"publish","type":"page","link":"https:\/\/www.infolabs-telecom.fr\/?page_id=179","title":{"rendered":"SERVEURS"},"content":{"rendered":"\n<p class=\"has-text-color has-medium-font-size has-vivid-green-cyan-color\">Infolabs Telecom peut adapter votre syst\u00e8me d&rsquo;information en fonction de vos besoins et de votre configuration architecturale.<\/p>\n\n\n\n<p class=\"has-text-color has-large-font-size has-vivid-cyan-blue-color\">Serveurs racks<\/p>\n\n\n\n<p class=\"has-text-color has-light-green-cyan-color\">Les serveurs racks peuvent \u00eatre rang\u00e9s dans une armoire afin d&rsquo;avoir un visuel plus propre.<\/p>\n\n\n\n<ul class=\"wp-block-gallery columns-3 is-cropped wp-block-gallery-1 is-layout-flex wp-block-gallery-is-layout-flex\"><li class=\"blocks-gallery-item\"><figure><img loading=\"lazy\" decoding=\"async\" width=\"400\" height=\"300\" src=\"https:\/\/infolabs-telecom.fr\/wp-content\/uploads\/2019\/08\/lenovo-data-center-edge-servers-thinksystem-sr655-series.jpg\" alt=\"\" data-id=\"336\" data-link=\"https:\/\/infolabs-telecom.fr\/?attachment_id=336\" class=\"wp-image-336\" srcset=\"https:\/\/www.infolabs-telecom.fr\/wp-content\/uploads\/2019\/08\/lenovo-data-center-edge-servers-thinksystem-sr655-series.jpg 400w, https:\/\/www.infolabs-telecom.fr\/wp-content\/uploads\/2019\/08\/lenovo-data-center-edge-servers-thinksystem-sr655-series-300x225.jpg 300w\" sizes=\"(max-width: 400px) 100vw, 400px\" \/><\/figure><\/li><li class=\"blocks-gallery-item\"><figure><img loading=\"lazy\" decoding=\"async\" width=\"400\" height=\"300\" src=\"https:\/\/infolabs-telecom.fr\/wp-content\/uploads\/2019\/08\/lenovo-data-center-rack-servers-thinksystem-sr635-series.jpg\" alt=\"\" data-id=\"337\" data-link=\"https:\/\/infolabs-telecom.fr\/?attachment_id=337\" class=\"wp-image-337\" srcset=\"https:\/\/www.infolabs-telecom.fr\/wp-content\/uploads\/2019\/08\/lenovo-data-center-rack-servers-thinksystem-sr635-series.jpg 400w, https:\/\/www.infolabs-telecom.fr\/wp-content\/uploads\/2019\/08\/lenovo-data-center-rack-servers-thinksystem-sr635-series-300x225.jpg 300w\" sizes=\"(max-width: 400px) 100vw, 400px\" \/><\/figure><\/li><li class=\"blocks-gallery-item\"><figure><img loading=\"lazy\" decoding=\"async\" width=\"400\" height=\"300\" src=\"https:\/\/infolabs-telecom.fr\/wp-content\/uploads\/2019\/08\/lenovo-data-center-rack-server-thinksystem-sr570-series.jpg\" alt=\"\" data-id=\"338\" data-link=\"https:\/\/infolabs-telecom.fr\/?attachment_id=338\" class=\"wp-image-338\" srcset=\"https:\/\/www.infolabs-telecom.fr\/wp-content\/uploads\/2019\/08\/lenovo-data-center-rack-server-thinksystem-sr570-series.jpg 400w, https:\/\/www.infolabs-telecom.fr\/wp-content\/uploads\/2019\/08\/lenovo-data-center-rack-server-thinksystem-sr570-series-300x225.jpg 300w\" sizes=\"(max-width: 400px) 100vw, 400px\" \/><\/figure><\/li><li class=\"blocks-gallery-item\"><figure><img loading=\"lazy\" decoding=\"async\" width=\"400\" height=\"300\" src=\"https:\/\/infolabs-telecom.fr\/wp-content\/uploads\/2019\/08\/lenovo-data-center-rack-server-thinksystem-sr590-series.jpg\" alt=\"\" data-id=\"339\" data-link=\"https:\/\/infolabs-telecom.fr\/?attachment_id=339\" class=\"wp-image-339\" srcset=\"https:\/\/www.infolabs-telecom.fr\/wp-content\/uploads\/2019\/08\/lenovo-data-center-rack-server-thinksystem-sr590-series.jpg 400w, https:\/\/www.infolabs-telecom.fr\/wp-content\/uploads\/2019\/08\/lenovo-data-center-rack-server-thinksystem-sr590-series-300x225.jpg 300w\" sizes=\"(max-width: 400px) 100vw, 400px\" \/><\/figure><\/li><li class=\"blocks-gallery-item\"><figure><img loading=\"lazy\" decoding=\"async\" width=\"400\" height=\"300\" src=\"https:\/\/infolabs-telecom.fr\/wp-content\/uploads\/2019\/08\/lenovo-data-center-servers-rack-thinksystem-sr250-series.jpg\" alt=\"\" data-id=\"340\" data-link=\"https:\/\/infolabs-telecom.fr\/?attachment_id=340\" class=\"wp-image-340\" srcset=\"https:\/\/www.infolabs-telecom.fr\/wp-content\/uploads\/2019\/08\/lenovo-data-center-servers-rack-thinksystem-sr250-series.jpg 400w, https:\/\/www.infolabs-telecom.fr\/wp-content\/uploads\/2019\/08\/lenovo-data-center-servers-rack-thinksystem-sr250-series-300x225.jpg 300w\" sizes=\"(max-width: 400px) 100vw, 400px\" \/><\/figure><\/li><li class=\"blocks-gallery-item\"><figure><img loading=\"lazy\" decoding=\"async\" width=\"400\" height=\"300\" src=\"https:\/\/infolabs-telecom.fr\/wp-content\/uploads\/2019\/08\/lenovo-data-center-servers-rack-thinksystem-sr670-series-1.jpg\" alt=\"\" data-id=\"341\" data-link=\"https:\/\/infolabs-telecom.fr\/?attachment_id=341\" class=\"wp-image-341\" srcset=\"https:\/\/www.infolabs-telecom.fr\/wp-content\/uploads\/2019\/08\/lenovo-data-center-servers-rack-thinksystem-sr670-series-1.jpg 400w, https:\/\/www.infolabs-telecom.fr\/wp-content\/uploads\/2019\/08\/lenovo-data-center-servers-rack-thinksystem-sr670-series-1-300x225.jpg 300w\" sizes=\"(max-width: 400px) 100vw, 400px\" \/><\/figure><\/li><li class=\"blocks-gallery-item\"><figure><img loading=\"lazy\" decoding=\"async\" width=\"400\" height=\"300\" src=\"https:\/\/infolabs-telecom.fr\/wp-content\/uploads\/2019\/08\/lenovo-servers-rack-thinksystem-sr530-series.jpg\" alt=\"\" data-id=\"344\" data-link=\"https:\/\/infolabs-telecom.fr\/?attachment_id=344\" class=\"wp-image-344\" srcset=\"https:\/\/www.infolabs-telecom.fr\/wp-content\/uploads\/2019\/08\/lenovo-servers-rack-thinksystem-sr530-series.jpg 400w, https:\/\/www.infolabs-telecom.fr\/wp-content\/uploads\/2019\/08\/lenovo-servers-rack-thinksystem-sr530-series-300x225.jpg 300w\" sizes=\"(max-width: 400px) 100vw, 400px\" \/><\/figure><\/li><li class=\"blocks-gallery-item\"><figure><img loading=\"lazy\" decoding=\"async\" width=\"400\" height=\"300\" src=\"https:\/\/infolabs-telecom.fr\/wp-content\/uploads\/2019\/08\/lenovo-servers-rack-thinksystem-sr550-series.jpg\" alt=\"\" data-id=\"345\" data-link=\"https:\/\/infolabs-telecom.fr\/?attachment_id=345\" class=\"wp-image-345\" srcset=\"https:\/\/www.infolabs-telecom.fr\/wp-content\/uploads\/2019\/08\/lenovo-servers-rack-thinksystem-sr550-series.jpg 400w, https:\/\/www.infolabs-telecom.fr\/wp-content\/uploads\/2019\/08\/lenovo-servers-rack-thinksystem-sr550-series-300x225.jpg 300w\" sizes=\"(max-width: 400px) 100vw, 400px\" \/><\/figure><\/li><li class=\"blocks-gallery-item\"><figure><img loading=\"lazy\" decoding=\"async\" width=\"400\" height=\"300\" src=\"https:\/\/infolabs-telecom.fr\/wp-content\/uploads\/2019\/08\/lenovo-servers-rack-thinksystem-sr630-series.jpg\" alt=\"\" data-id=\"346\" data-link=\"https:\/\/infolabs-telecom.fr\/?attachment_id=346\" class=\"wp-image-346\" srcset=\"https:\/\/www.infolabs-telecom.fr\/wp-content\/uploads\/2019\/08\/lenovo-servers-rack-thinksystem-sr630-series.jpg 400w, https:\/\/www.infolabs-telecom.fr\/wp-content\/uploads\/2019\/08\/lenovo-servers-rack-thinksystem-sr630-series-300x225.jpg 300w\" sizes=\"(max-width: 400px) 100vw, 400px\" \/><\/figure><\/li><\/ul>\n\n\n\n<p class=\"has-text-color has-large-font-size has-vivid-cyan-blue-color\">Serveurs tours<\/p>\n\n\n\n<p class=\"has-text-color has-vivid-green-cyan-color\">Ils sont fais pour \u00eatre pos\u00e9s par terre ou pour certains mod\u00e8les ils peuvent \u00eatre rang\u00e9s dans une armoire<\/p>\n\n\n\n<ul class=\"wp-block-gallery columns-3 is-cropped wp-block-gallery-2 is-layout-flex wp-block-gallery-is-layout-flex\"><li class=\"blocks-gallery-item\"><figure><img loading=\"lazy\" decoding=\"async\" width=\"400\" height=\"300\" src=\"https:\/\/infolabs-telecom.fr\/wp-content\/uploads\/2019\/08\/lenovo-servers-tower-thinksystem-st550-series-1.jpg\" alt=\"\" data-id=\"361\" data-link=\"https:\/\/infolabs-telecom.fr\/?attachment_id=361\" class=\"wp-image-361\" srcset=\"https:\/\/www.infolabs-telecom.fr\/wp-content\/uploads\/2019\/08\/lenovo-servers-tower-thinksystem-st550-series-1.jpg 400w, https:\/\/www.infolabs-telecom.fr\/wp-content\/uploads\/2019\/08\/lenovo-servers-tower-thinksystem-st550-series-1-300x225.jpg 300w\" sizes=\"(max-width: 400px) 100vw, 400px\" \/><\/figure><\/li><li class=\"blocks-gallery-item\"><figure><img loading=\"lazy\" decoding=\"async\" width=\"400\" height=\"300\" src=\"https:\/\/infolabs-telecom.fr\/wp-content\/uploads\/2019\/08\/lenovo-data-center-servers-tower-thinksystem-st250-series-1.jpg\" alt=\"\" data-id=\"356\" data-link=\"https:\/\/infolabs-telecom.fr\/?attachment_id=356\" class=\"wp-image-356\" srcset=\"https:\/\/www.infolabs-telecom.fr\/wp-content\/uploads\/2019\/08\/lenovo-data-center-servers-tower-thinksystem-st250-series-1.jpg 400w, https:\/\/www.infolabs-telecom.fr\/wp-content\/uploads\/2019\/08\/lenovo-data-center-servers-tower-thinksystem-st250-series-1-300x225.jpg 300w\" sizes=\"(max-width: 400px) 100vw, 400px\" \/><\/figure><\/li><li class=\"blocks-gallery-item\"><figure><img loading=\"lazy\" decoding=\"async\" width=\"400\" height=\"300\" src=\"https:\/\/infolabs-telecom.fr\/wp-content\/uploads\/2019\/08\/lenovo-data-center-servers-tower-thinksystem-st50-series-1.jpg\" alt=\"\" data-id=\"355\" data-link=\"https:\/\/infolabs-telecom.fr\/?attachment_id=355\" class=\"wp-image-355\" srcset=\"https:\/\/www.infolabs-telecom.fr\/wp-content\/uploads\/2019\/08\/lenovo-data-center-servers-tower-thinksystem-st50-series-1.jpg 400w, https:\/\/www.infolabs-telecom.fr\/wp-content\/uploads\/2019\/08\/lenovo-data-center-servers-tower-thinksystem-st50-series-1-300x225.jpg 300w\" sizes=\"(max-width: 400px) 100vw, 400px\" \/><\/figure><\/li><\/ul>\n\n\n\n<p><\/p>\n","protected":false},"excerpt":{"rendered":"<p>Infolabs Telecom peut adapter votre syst\u00e8me d&rsquo;information en fonction de vos besoins et de votre configuration architecturale. Serveurs racks Les serveurs racks peuvent \u00eatre rang\u00e9s dans une armoire afin d&rsquo;avoir un visuel plus propre. Serveurs tours Ils sont fais pour \u00eatre pos\u00e9s par terre ou pour certains mod\u00e8les ils peuvent \u00eatre rang\u00e9s dans une armoire<\/p>\n","protected":false},"author":1,"featured_media":33,"parent":371,"menu_order":0,"comment_status":"closed","ping_status":"closed","template":"","meta":{"_exactmetrics_skip_tracking":false,"_exactmetrics_sitenote_active":false,"_exactmetrics_sitenote_note":"","_exactmetrics_sitenote_category":0,"footnotes":""},"yoast_head":"<!-- This site is optimized with the Yoast SEO plugin v22.2 - https:\/\/yoast.com\/wordpress\/plugins\/seo\/ -->\n<title>SERVEURS - Infolabs Telecom<\/title>\n<meta name=\"robots\" content=\"index, follow, max-snippet:-1, max-image-preview:large, max-video-preview:-1\" \/>\n<link rel=\"canonical\" href=\"https:\/\/www.infolabs-telecom.fr\/?page_id=179\" \/>\n<meta property=\"og:locale\" content=\"fr_FR\" \/>\n<meta property=\"og:type\" content=\"article\" \/>\n<meta property=\"og:title\" content=\"SERVEURS - Infolabs Telecom\" \/>\n<meta property=\"og:description\" content=\"Infolabs Telecom peut adapter votre syst\u00e8me d&rsquo;information en fonction de vos besoins et de votre configuration architecturale. Serveurs racks Les serveurs racks peuvent \u00eatre rang\u00e9s dans une armoire afin d&rsquo;avoir un visuel plus propre. Serveurs tours Ils sont fais pour \u00eatre pos\u00e9s par terre ou pour certains mod\u00e8les ils peuvent \u00eatre rang\u00e9s dans une armoire\" \/>\n<meta property=\"og:url\" content=\"https:\/\/www.infolabs-telecom.fr\/?page_id=179\" \/>\n<meta property=\"og:site_name\" content=\"Infolabs Telecom\" \/>\n<meta property=\"article:modified_time\" content=\"2019-08-09T14:50:12+00:00\" \/>\n<meta property=\"og:image\" content=\"https:\/\/www.infolabs-telecom.fr\/wp-content\/uploads\/2019\/03\/Logo-6-1024x1024.png\" \/>\n\t<meta property=\"og:image:width\" content=\"1024\" \/>\n\t<meta property=\"og:image:height\" content=\"1024\" \/>\n\t<meta property=\"og:image:type\" content=\"image\/png\" \/>\n<meta name=\"twitter:card\" content=\"summary_large_image\" \/>\n<script type=\"application\/ld+json\" class=\"yoast-schema-graph\">{\"@context\":\"https:\/\/schema.org\",\"@graph\":[{\"@type\":\"WebPage\",\"@id\":\"https:\/\/www.infolabs-telecom.fr\/?page_id=179\",\"url\":\"https:\/\/www.infolabs-telecom.fr\/?page_id=179\",\"name\":\"SERVEURS - Infolabs Telecom\",\"isPartOf\":{\"@id\":\"https:\/\/www.infolabs-telecom.fr\/#website\"},\"primaryImageOfPage\":{\"@id\":\"https:\/\/www.infolabs-telecom.fr\/?page_id=179#primaryimage\"},\"image\":{\"@id\":\"https:\/\/www.infolabs-telecom.fr\/?page_id=179#primaryimage\"},\"thumbnailUrl\":\"https:\/\/www.infolabs-telecom.fr\/wp-content\/uploads\/2019\/03\/Logo-6.png\",\"datePublished\":\"2019-08-08T14:13:49+00:00\",\"dateModified\":\"2019-08-09T14:50:12+00:00\",\"breadcrumb\":{\"@id\":\"https:\/\/www.infolabs-telecom.fr\/?page_id=179#breadcrumb\"},\"inLanguage\":\"fr-FR\",\"potentialAction\":[{\"@type\":\"ReadAction\",\"target\":[\"https:\/\/www.infolabs-telecom.fr\/?page_id=179\"]}]},{\"@type\":\"ImageObject\",\"inLanguage\":\"fr-FR\",\"@id\":\"https:\/\/www.infolabs-telecom.fr\/?page_id=179#primaryimage\",\"url\":\"https:\/\/www.infolabs-telecom.fr\/wp-content\/uploads\/2019\/03\/Logo-6.png\",\"contentUrl\":\"https:\/\/www.infolabs-telecom.fr\/wp-content\/uploads\/2019\/03\/Logo-6.png\",\"width\":2500,\"height\":2500},{\"@type\":\"BreadcrumbList\",\"@id\":\"https:\/\/www.infolabs-telecom.fr\/?page_id=179#breadcrumb\",\"itemListElement\":[{\"@type\":\"ListItem\",\"position\":1,\"name\":\"Accueil\",\"item\":\"https:\/\/www.infolabs-telecom.fr\/\"},{\"@type\":\"ListItem\",\"position\":2,\"name\":\"INFORMATIQUE\",\"item\":\"https:\/\/www.infolabs-telecom.fr\/?page_id=371\"},{\"@type\":\"ListItem\",\"position\":3,\"name\":\"SERVEURS\"}]},{\"@type\":\"WebSite\",\"@id\":\"https:\/\/www.infolabs-telecom.fr\/#website\",\"url\":\"https:\/\/www.infolabs-telecom.fr\/\",\"name\":\"Infolabs Telecom\",\"description\":\"Votre int\u00e9grateur de solutions d&#039;entreprise\",\"publisher\":{\"@id\":\"https:\/\/www.infolabs-telecom.fr\/#organization\"},\"potentialAction\":[{\"@type\":\"SearchAction\",\"target\":{\"@type\":\"EntryPoint\",\"urlTemplate\":\"https:\/\/www.infolabs-telecom.fr\/?s={search_term_string}\"},\"query-input\":\"required name=search_term_string\"}],\"inLanguage\":\"fr-FR\"},{\"@type\":\"Organization\",\"@id\":\"https:\/\/www.infolabs-telecom.fr\/#organization\",\"name\":\"Infolabs telecom\",\"url\":\"https:\/\/www.infolabs-telecom.fr\/\",\"logo\":{\"@type\":\"ImageObject\",\"inLanguage\":\"fr-FR\",\"@id\":\"https:\/\/www.infolabs-telecom.fr\/#\/schema\/logo\/image\/\",\"url\":\"https:\/\/infolabs-telecom.fr\/wp-content\/uploads\/2019\/10\/Logo-6-1024x1024.png\",\"contentUrl\":\"https:\/\/infolabs-telecom.fr\/wp-content\/uploads\/2019\/10\/Logo-6-1024x1024.png\",\"width\":1024,\"height\":1024,\"caption\":\"Infolabs telecom\"},\"image\":{\"@id\":\"https:\/\/www.infolabs-telecom.fr\/#\/schema\/logo\/image\/\"},\"sameAs\":[\"https:\/\/www.linkedin.com\/in\/steeve-lenenn-51198b163\"]}]}<\/script>\n<!-- \/ Yoast SEO plugin. -->","yoast_head_json":{"title":"SERVEURS - Infolabs Telecom","robots":{"index":"index","follow":"follow","max-snippet":"max-snippet:-1","max-image-preview":"max-image-preview:large","max-video-preview":"max-video-preview:-1"},"canonical":"https:\/\/www.infolabs-telecom.fr\/?page_id=179","og_locale":"fr_FR","og_type":"article","og_title":"SERVEURS - Infolabs Telecom","og_description":"Infolabs Telecom peut adapter votre syst\u00e8me d&rsquo;information en fonction de vos besoins et de votre configuration architecturale. Serveurs racks Les serveurs racks peuvent \u00eatre rang\u00e9s dans une armoire afin d&rsquo;avoir un visuel plus propre. Serveurs tours Ils sont fais pour \u00eatre pos\u00e9s par terre ou pour certains mod\u00e8les ils peuvent \u00eatre rang\u00e9s dans une armoire","og_url":"https:\/\/www.infolabs-telecom.fr\/?page_id=179","og_site_name":"Infolabs Telecom","article_modified_time":"2019-08-09T14:50:12+00:00","og_image":[{"width":1024,"height":1024,"url":"https:\/\/www.infolabs-telecom.fr\/wp-content\/uploads\/2019\/03\/Logo-6-1024x1024.png","type":"image\/png"}],"twitter_card":"summary_large_image","schema":{"@context":"https:\/\/schema.org","@graph":[{"@type":"WebPage","@id":"https:\/\/www.infolabs-telecom.fr\/?page_id=179","url":"https:\/\/www.infolabs-telecom.fr\/?page_id=179","name":"SERVEURS - Infolabs Telecom","isPartOf":{"@id":"https:\/\/www.infolabs-telecom.fr\/#website"},"primaryImageOfPage":{"@id":"https:\/\/www.infolabs-telecom.fr\/?page_id=179#primaryimage"},"image":{"@id":"https:\/\/www.infolabs-telecom.fr\/?page_id=179#primaryimage"},"thumbnailUrl":"https:\/\/www.infolabs-telecom.fr\/wp-content\/uploads\/2019\/03\/Logo-6.png","datePublished":"2019-08-08T14:13:49+00:00","dateModified":"2019-08-09T14:50:12+00:00","breadcrumb":{"@id":"https:\/\/www.infolabs-telecom.fr\/?page_id=179#breadcrumb"},"inLanguage":"fr-FR","potentialAction":[{"@type":"ReadAction","target":["https:\/\/www.infolabs-telecom.fr\/?page_id=179"]}]},{"@type":"ImageObject","inLanguage":"fr-FR","@id":"https:\/\/www.infolabs-telecom.fr\/?page_id=179#primaryimage","url":"https:\/\/www.infolabs-telecom.fr\/wp-content\/uploads\/2019\/03\/Logo-6.png","contentUrl":"https:\/\/www.infolabs-telecom.fr\/wp-content\/uploads\/2019\/03\/Logo-6.png","width":2500,"height":2500},{"@type":"BreadcrumbList","@id":"https:\/\/www.infolabs-telecom.fr\/?page_id=179#breadcrumb","itemListElement":[{"@type":"ListItem","position":1,"name":"Accueil","item":"https:\/\/www.infolabs-telecom.fr\/"},{"@type":"ListItem","position":2,"name":"INFORMATIQUE","item":"https:\/\/www.infolabs-telecom.fr\/?page_id=371"},{"@type":"ListItem","position":3,"name":"SERVEURS"}]},{"@type":"WebSite","@id":"https:\/\/www.infolabs-telecom.fr\/#website","url":"https:\/\/www.infolabs-telecom.fr\/","name":"Infolabs Telecom","description":"Votre int\u00e9grateur de solutions d&#039;entreprise","publisher":{"@id":"https:\/\/www.infolabs-telecom.fr\/#organization"},"potentialAction":[{"@type":"SearchAction","target":{"@type":"EntryPoint","urlTemplate":"https:\/\/www.infolabs-telecom.fr\/?s={search_term_string}"},"query-input":"required name=search_term_string"}],"inLanguage":"fr-FR"},{"@type":"Organization","@id":"https:\/\/www.infolabs-telecom.fr\/#organization","name":"Infolabs telecom","url":"https:\/\/www.infolabs-telecom.fr\/","logo":{"@type":"ImageObject","inLanguage":"fr-FR","@id":"https:\/\/www.infolabs-telecom.fr\/#\/schema\/logo\/image\/","url":"https:\/\/infolabs-telecom.fr\/wp-content\/uploads\/2019\/10\/Logo-6-1024x1024.png","contentUrl":"https:\/\/infolabs-telecom.fr\/wp-content\/uploads\/2019\/10\/Logo-6-1024x1024.png","width":1024,"height":1024,"caption":"Infolabs telecom"},"image":{"@id":"https:\/\/www.infolabs-telecom.fr\/#\/schema\/logo\/image\/"},"sameAs":["https:\/\/www.linkedin.com\/in\/steeve-lenenn-51198b163"]}]}},"_links":{"self":[{"href":"https:\/\/www.infolabs-telecom.fr\/index.php?rest_route=\/wp\/v2\/pages\/179"}],"collection":[{"href":"https:\/\/www.infolabs-telecom.fr\/index.php?rest_route=\/wp\/v2\/pages"}],"about":[{"href":"https:\/\/www.infolabs-telecom.fr\/index.php?rest_route=\/wp\/v2\/types\/page"}],"author":[{"embeddable":true,"href":"https:\/\/www.infolabs-telecom.fr\/index.php?rest_route=\/wp\/v2\/users\/1"}],"replies":[{"embeddable":true,"href":"https:\/\/www.infolabs-telecom.fr\/index.php?rest_route=%2Fwp%2Fv2%2Fcomments&post=179"}],"version-history":[{"count":8,"href":"https:\/\/www.infolabs-telecom.fr\/index.php?rest_route=\/wp\/v2\/pages\/179\/revisions"}],"predecessor-version":[{"id":450,"href":"https:\/\/www.infolabs-telecom.fr\/index.php?rest_route=\/wp\/v2\/pages\/179\/revisions\/450"}],"up":[{"embeddable":true,"href":"https:\/\/www.infolabs-telecom.fr\/index.php?rest_route=\/wp\/v2\/pages\/371"}],"wp:featuredmedia":[{"embeddable":true,"href":"https:\/\/www.infolabs-telecom.fr\/index.php?rest_route=\/wp\/v2\/media\/33"}],"wp:attachment":[{"href":"https:\/\/www.infolabs-telecom.fr\/index.php?rest_route=%2Fwp%2Fv2%2Fmedia&parent=179"}],"curies":[{"name":"wp","href":"https:\/\/api.w.org\/{rel}","templated":true}]}}