{"id":3,"date":"2019-02-26T09:17:21","date_gmt":"2019-02-26T08:17:21","guid":{"rendered":"http:\/\/infolabs-telecom.fr\/?page_id=3"},"modified":"2020-09-23T18:06:20","modified_gmt":"2020-09-23T16:06:20","slug":"politique-de-confidentialite","status":"publish","type":"page","link":"https:\/\/www.infolabs-telecom.fr\/?page_id=3","title":{"rendered":"POLITIQUE DE CONFIDENTIALIT\u00c9"},"content":{"rendered":"\n<p><strong>Politique de confidentialit\u00e9 :<\/strong><\/p>\n\n\n\n<p>En  vertu de l\u2019article 6 de la loi n\u00b0 2004-575 du 21 juin 2004 pour la  confiance dans l\u2019\u00e9conomie num\u00e9rique, il est pr\u00e9cis\u00e9 aux utilisateurs du  site https:\/\/infolabs-telecom.fr \/ l\u2019identit\u00e9 des diff\u00e9rents intervenants dans le  cadre de sa r\u00e9alisation et de son suivi :<\/p>\n\n\n\n<h1 class=\"wp-block-heading\">Qui sommes-nous&nbsp;?<\/h1>\n\n\n\n<p>L\u2019adresse de notre site Web est&nbsp;: https:\/\/infolabs-telecom.fr .<\/p>\n\n\n\n<h1 class=\"wp-block-heading\">Informations l\u00e9gales<\/h1>\n\n\n\n<p>Le Cr\u00e9ateur du site est : Infolabs Telecom<br> Le Responsable de la&nbsp; publication est : Infolabs Telecom<br> Contacter le responsable de la publication : contact@infolabs-telecom.fr <br> Le responsable de la publication est une&nbsp;personne physique<\/p>\n\n\n\n<p>Le Webmaster est&nbsp; : Infolabs Telecom<br> Contacter le Webmaster :&nbsp; contact@infolabs-telecom.fr <\/p>\n\n\n\n<h2 class=\"wp-block-heading\">Pr\u00e9sentation et principe<\/h2>\n\n\n\n<p>Est d\u00e9sign\u00e9 ci-apr\u00e8s : Utilisateur, tout internaute se connectant et utilisant le site susnomm\u00e9 : infolabs-telecom.fr .<br>  Le site infolabs-telecom.fr  regroupe un ensemble de services, dans l\u2019\u00e9tat,&nbsp; mis  \u00e0 la disposition des utilisateurs. Il est ici pr\u00e9cis\u00e9 que ces derniers  doivent rester courtois et faire preuve de bonne foi tant envers les  autres utilisateurs qu\u2019envers le webmaster du site  infolabs-telecom.fr . Le site infolabs-telecom.fr  est mis \u00e0 jour r\u00e9guli\u00e8rement par Infolabs Telecom.<\/p>\n\n\n\n<p>Infolabs Telecom  s\u2019efforce de fournir sur le site infolabs-telecom.fr  des informations les plus  pr\u00e9cises possibles (sous r\u00e9serve de modifications apport\u00e9es depuis leur  mise en ligne), mais ne saurait garantir l\u2019exactitude, la compl\u00e9tude et  l\u2019actualit\u00e9 des informations diffus\u00e9es sur son site, qu\u2019elles soient de  son fait ou du fait des tiers partenaires qui lui fournissent ces  informations. En cons\u00e9quence, l\u2019utilisateur reconna\u00eet utiliser ces  informations donn\u00e9es (\u00e0 titre indicatif, non exhaustives et susceptibles  d\u2019\u00e9voluer) sous sa responsabilit\u00e9 exclusive.<\/p>\n\n\n\n<h2 class=\"wp-block-heading\">Propri\u00e9t\u00e9 intellectuelle<\/h2>\n\n\n\n<p>Infolabs Telecom  est propri\u00e9taire exclusif de tous les droits de propri\u00e9t\u00e9  intellectuelle ou d\u00e9tient les droits d\u2019usage sur tous les \u00e9l\u00e9ments  accessibles sur le site, tant sur la structure que sur les textes,  images, graphismes\u2026<br> Toute reproduction totale ou partielle du site infolabs-telecom.fr , repr\u00e9sentation, modification, publication, adaptation  totale ou partielle de l\u2019un quelconque de ces \u00e9l\u00e9ments, quel que soit le  moyen ou le proc\u00e9d\u00e9 utilis\u00e9, est interdite, sauf autorisation \u00e9crite  pr\u00e9alable de Infolabs Telecom. Infolabs Telecom, propri\u00e9taire du site \u00e0 l\u2019E-mail :  contact@infolabs-telecom.fr , \u00e0 d\u00e9faut elle sera consid\u00e9r\u00e9e comme  constitutive d\u2019une contrefa\u00e7on et passible de poursuite conform\u00e9ment aux  dispositions des articles L.335-2 et suivants du Code de Propri\u00e9t\u00e9  Intellectuelle.<\/p>\n\n\n\n<h2 class=\"wp-block-heading\">Liens hypertextes et cookies<\/h2>\n\n\n\n<p>Le  site infolabs-telecom.fr contient un certain nombre de liens hypertextes vers  d\u2019autres sites (partenaires, informations \u2026) mis en place. Cependant,  Infolabs Telecom n\u2019a pas la possibilit\u00e9 de v\u00e9rifier l\u2019ensemble du contenu des  sites ainsi visit\u00e9s&nbsp;et d\u00e9cline donc toute responsabilit\u00e9 de ce fait  quand aux risques \u00e9ventuels de contenus illicites.<\/p>\n\n\n\n<p>L\u2019utilisateur  est inform\u00e9 que lors de ses visites sur le site infolabs-telecom.fr, un ou des  cookies sont susceptibles de s\u2019installer automatiquement sur son  ordinateur par l\u2019interm\u00e9diaire de son logiciel de navigation. Un cookie  est un bloc de donn\u00e9es qui ne permet pas d\u2019identifier l\u2019utilisateur,  mais qui enregistre des informations relatives \u00e0 la navigation de  celui-ci sur le site. C\u2019est uniquement pour votre confort afin de ne pas  avoir \u00e0 saisir ces informations si vous d\u00e9posez un autre commentaire  plus tard. Ces cookies expirent au bout d\u2019un an.<\/p>\n\n\n\n<p>Le\n param\u00e9trage du logiciel de navigation permet d\u2019informer de la pr\u00e9sence \nde cookie et \u00e9ventuellement, de la refuser de la mani\u00e8re d\u00e9crite \u00e0 \nl\u2019adresse suivante : www.cnil.fr. L\u2019utilisateur peut toutefois \nconfigurer le navigateur de son ordinateur pour refuser l\u2019installation \ndes cookies, sachant que le refus d\u2019installation d\u2019un cookie peut \nentra\u00eener l\u2019impossibilit\u00e9 d\u2019acc\u00e9der \u00e0 certains services. Pour tout \nblocage des cookies, tapez dans votre moteur de recherche : blocage des \ncookies sous IE ou firefox et suivez les instructions en fonction de \nvotre version.<\/p>\n\n\n\n<h2 class=\"wp-block-heading\">Protection des donn\u00e9es personnelles<\/h2>\n\n\n\n<p>En\n France, les donn\u00e9es personnelles sont notamment prot\u00e9g\u00e9es par la loi n\u00b0\n 78-87 du 6 janvier 1978, la loi n\u00b0 2004-801 du 6 ao\u00fbt 2004, l\u2019article \nL. 226-13 du Code p\u00e9nal et la Directive Europ\u00e9enne du 24 octobre 1995.<\/p>\n\n\n\n<p>Sur  le site infolabs-telecom.fr , Infolabs Telecom ne collecte des informations personnelles (  suivant l\u2019article 4 loi n\u00b078-17 du 06 janvier 1978) relatives \u00e0  l\u2019utilisateur que pour le besoin de certains services propos\u00e9s par le  site infolabs-telecom.fr . L\u2019utilisateur fournit ces informations en toute  connaissance de cause, notamment lorsqu\u2019il proc\u00e8de par lui-m\u00eame \u00e0 leur  saisie. Il est alors pr\u00e9cis\u00e9 \u00e0 l\u2019utilisateur du site infolabs-telecom.fr   l\u2019obligation ou non de fournir ces informations.<\/p>\n\n\n\n<p>Conform\u00e9ment  aux dispositions des articles 38 et suivants de la loi 78-17 du 6  janvier 1978 relative \u00e0 l\u2019informatique, aux fichiers et aux libert\u00e9s,  tout utilisateur dispose d\u2019un droit d\u2019acc\u00e8s, de rectification, de  suppression et d\u2019opposition aux donn\u00e9es personnelles le concernant. Pour  l\u2019exercer, adressez votre demande \u00e0 infolabs-telecom.fr  par email :  contact@infolabs-telecom.fr  ou&nbsp;par \u00e9crit&nbsp;d\u00fbment sign\u00e9e, accompagn\u00e9e d\u2019une  copie du titre d\u2019identit\u00e9 avec signature du titulaire de la pi\u00e8ce, en  pr\u00e9cisant l\u2019adresse \u00e0 laquelle la r\u00e9ponse doit \u00eatre envoy\u00e9e.<\/p>\n\n\n\n<p>Aucune  information personnelle de l\u2019utilisateur du site infolabs-telecom.fr n\u2019est  publi\u00e9e \u00e0 l\u2019insu de l\u2019utilisateur, \u00e9chang\u00e9e, transf\u00e9r\u00e9e, c\u00e9d\u00e9e ou vendue  sur un support quelconque \u00e0 des tiers. Seule l\u2019hypoth\u00e8se du rachat du  site infolabs-telecom.fr et de ses droits autorise Infolabs Telecom \u00e0 transmettre  les dites informations \u00e0 l\u2019\u00e9ventuel acqu\u00e9reur qui serait \u00e0 son tour  tenu&nbsp;\u00e0 la m\u00eame obligation de conservation et de modification des donn\u00e9es  vis \u00e0 vis de l\u2019utilisateur du site infolabs-telecom.fr.<\/p>\n\n\n\n<h2 class=\"wp-block-heading\">Commentaires<\/h2>\n\n\n\n<p>Quand\n vous laissez un commentaire sur notre site web, les donn\u00e9es inscrites \ndans le formulaire de commentaire, mais aussi votre adresse IP et \nl\u2019agent utilisateur de votre navigateur sont collect\u00e9s pour nous aider \u00e0\n la d\u00e9tection des commentaires ind\u00e9sirables.<\/p>\n\n\n\n<h2 class=\"wp-block-heading\">Contenu embarqu\u00e9 depuis d\u2019autres sites<\/h2>\n\n\n\n<p>Les\n articles de ce site peuvent inclure des contenus int\u00e9gr\u00e9s (par exemple \ndes vid\u00e9os, images, articles\u2026). Le contenu int\u00e9gr\u00e9 depuis d\u2019autres sites\n se comporte de la m\u00eame mani\u00e8re que si le visiteur se rendait sur cet \nautre site.<\/p>\n\n\n\n<p>Ces sites web pourraient collecter des donn\u00e9es sur \nvous, utiliser des cookies, embarquer des outils de suivis tiers, suivre\n vos interactions avec ces contenus embarqu\u00e9s si vous disposez d\u2019un \ncompte connect\u00e9 sur leur site web.<\/p>\n\n\n\n<p><strong>d\u00e9clar\u00e9 \u00e0 la CNIL :&nbsp;<\/strong> Aucune d\u00e9claration CNIL car pas de recueil de donn\u00e9es personnelles.<\/p>\n\n\n\n<p>Les\n bases de donn\u00e9es sont prot\u00e9g\u00e9es par les dispositions de la loi du 1er \njuillet 1998 transposant la directive 96\/9 du 11 mars 1996 relative \u00e0 la\n protection juridique des bases de donn\u00e9es.<\/p>\n\n\n\n<p>Information suppl\u00e9mentaire :<\/p>\n\n\n\n<ul><li>Site web, cookies et autres traceurs :&nbsp;<a href=\"https:\/\/www.cnil.fr\/fr\/site-web-cookies-et-autres-traceurs\" target=\"_blank\" rel=\"noreferrer noopener\">cnil.fr\/fr\/<\/a><\/li><li>Comprendre RGPD :&nbsp;<a href=\"https:\/\/www.cnil.fr\/fr\/comprendre-le-rgpd\" target=\"_blank\" rel=\"noreferrer noopener\">cnil.fr\/fr\/<\/a><\/li><\/ul>\n","protected":false},"excerpt":{"rendered":"<p>Politique de confidentialit\u00e9 : En vertu de l\u2019article 6 de la loi n\u00b0 2004-575 du 21 juin 2004 pour la confiance dans l\u2019\u00e9conomie num\u00e9rique, il est pr\u00e9cis\u00e9 aux utilisateurs du site https:\/\/infolabs-telecom.fr \/ l\u2019identit\u00e9 des diff\u00e9rents intervenants dans le cadre de sa r\u00e9alisation et de son suivi : Qui sommes-nous&nbsp;? L\u2019adresse de notre site Web&hellip; <br \/> <a class=\"read-more\" href=\"https:\/\/www.infolabs-telecom.fr\/?page_id=3\">Lire la suite<\/a><\/p>\n","protected":false},"author":1,"featured_media":33,"parent":0,"menu_order":3,"comment_status":"closed","ping_status":"open","template":"","meta":{"_exactmetrics_skip_tracking":false,"_exactmetrics_sitenote_active":false,"_exactmetrics_sitenote_note":"","_exactmetrics_sitenote_category":0,"footnotes":""},"yoast_head":"<!-- This site is optimized with the Yoast SEO plugin v22.2 - https:\/\/yoast.com\/wordpress\/plugins\/seo\/ -->\n<title>POLITIQUE DE CONFIDENTIALIT\u00c9 - Infolabs Telecom<\/title>\n<meta name=\"robots\" content=\"index, follow, max-snippet:-1, max-image-preview:large, max-video-preview:-1\" \/>\n<link rel=\"canonical\" href=\"https:\/\/www.infolabs-telecom.fr\/?page_id=3\" \/>\n<meta property=\"og:locale\" content=\"fr_FR\" \/>\n<meta property=\"og:type\" content=\"article\" \/>\n<meta property=\"og:title\" content=\"POLITIQUE DE CONFIDENTIALIT\u00c9 - Infolabs Telecom\" \/>\n<meta property=\"og:description\" content=\"Politique de confidentialit\u00e9 : En vertu de l\u2019article 6 de la loi n\u00b0 2004-575 du 21 juin 2004 pour la confiance dans l\u2019\u00e9conomie num\u00e9rique, il est pr\u00e9cis\u00e9 aux utilisateurs du site https:\/\/infolabs-telecom.fr \/ l\u2019identit\u00e9 des diff\u00e9rents intervenants dans le cadre de sa r\u00e9alisation et de son suivi : Qui sommes-nous&nbsp;? L\u2019adresse de notre site Web&hellip; Lire la suite\" \/>\n<meta property=\"og:url\" content=\"https:\/\/www.infolabs-telecom.fr\/?page_id=3\" \/>\n<meta property=\"og:site_name\" content=\"Infolabs Telecom\" \/>\n<meta property=\"article:modified_time\" content=\"2020-09-23T16:06:20+00:00\" \/>\n<meta property=\"og:image\" content=\"https:\/\/www.infolabs-telecom.fr\/wp-content\/uploads\/2019\/03\/Logo-6-1024x1024.png\" \/>\n\t<meta property=\"og:image:width\" content=\"1024\" \/>\n\t<meta property=\"og:image:height\" content=\"1024\" \/>\n\t<meta property=\"og:image:type\" content=\"image\/png\" \/>\n<meta name=\"twitter:card\" content=\"summary_large_image\" \/>\n<meta name=\"twitter:label1\" content=\"Dur\u00e9e de lecture estim\u00e9e\" \/>\n\t<meta name=\"twitter:data1\" content=\"6 minutes\" \/>\n<script type=\"application\/ld+json\" class=\"yoast-schema-graph\">{\"@context\":\"https:\/\/schema.org\",\"@graph\":[{\"@type\":\"WebPage\",\"@id\":\"https:\/\/www.infolabs-telecom.fr\/?page_id=3\",\"url\":\"https:\/\/www.infolabs-telecom.fr\/?page_id=3\",\"name\":\"POLITIQUE DE CONFIDENTIALIT\u00c9 - Infolabs Telecom\",\"isPartOf\":{\"@id\":\"https:\/\/www.infolabs-telecom.fr\/#website\"},\"primaryImageOfPage\":{\"@id\":\"https:\/\/www.infolabs-telecom.fr\/?page_id=3#primaryimage\"},\"image\":{\"@id\":\"https:\/\/www.infolabs-telecom.fr\/?page_id=3#primaryimage\"},\"thumbnailUrl\":\"https:\/\/www.infolabs-telecom.fr\/wp-content\/uploads\/2019\/03\/Logo-6.png\",\"datePublished\":\"2019-02-26T08:17:21+00:00\",\"dateModified\":\"2020-09-23T16:06:20+00:00\",\"breadcrumb\":{\"@id\":\"https:\/\/www.infolabs-telecom.fr\/?page_id=3#breadcrumb\"},\"inLanguage\":\"fr-FR\",\"potentialAction\":[{\"@type\":\"ReadAction\",\"target\":[\"https:\/\/www.infolabs-telecom.fr\/?page_id=3\"]}]},{\"@type\":\"ImageObject\",\"inLanguage\":\"fr-FR\",\"@id\":\"https:\/\/www.infolabs-telecom.fr\/?page_id=3#primaryimage\",\"url\":\"https:\/\/www.infolabs-telecom.fr\/wp-content\/uploads\/2019\/03\/Logo-6.png\",\"contentUrl\":\"https:\/\/www.infolabs-telecom.fr\/wp-content\/uploads\/2019\/03\/Logo-6.png\",\"width\":2500,\"height\":2500},{\"@type\":\"BreadcrumbList\",\"@id\":\"https:\/\/www.infolabs-telecom.fr\/?page_id=3#breadcrumb\",\"itemListElement\":[{\"@type\":\"ListItem\",\"position\":1,\"name\":\"Accueil\",\"item\":\"https:\/\/www.infolabs-telecom.fr\/\"},{\"@type\":\"ListItem\",\"position\":2,\"name\":\"POLITIQUE DE CONFIDENTIALIT\u00c9\"}]},{\"@type\":\"WebSite\",\"@id\":\"https:\/\/www.infolabs-telecom.fr\/#website\",\"url\":\"https:\/\/www.infolabs-telecom.fr\/\",\"name\":\"Infolabs Telecom\",\"description\":\"Votre int\u00e9grateur de solutions d&#039;entreprise\",\"publisher\":{\"@id\":\"https:\/\/www.infolabs-telecom.fr\/#organization\"},\"potentialAction\":[{\"@type\":\"SearchAction\",\"target\":{\"@type\":\"EntryPoint\",\"urlTemplate\":\"https:\/\/www.infolabs-telecom.fr\/?s={search_term_string}\"},\"query-input\":\"required name=search_term_string\"}],\"inLanguage\":\"fr-FR\"},{\"@type\":\"Organization\",\"@id\":\"https:\/\/www.infolabs-telecom.fr\/#organization\",\"name\":\"Infolabs telecom\",\"url\":\"https:\/\/www.infolabs-telecom.fr\/\",\"logo\":{\"@type\":\"ImageObject\",\"inLanguage\":\"fr-FR\",\"@id\":\"https:\/\/www.infolabs-telecom.fr\/#\/schema\/logo\/image\/\",\"url\":\"https:\/\/infolabs-telecom.fr\/wp-content\/uploads\/2019\/10\/Logo-6-1024x1024.png\",\"contentUrl\":\"https:\/\/infolabs-telecom.fr\/wp-content\/uploads\/2019\/10\/Logo-6-1024x1024.png\",\"width\":1024,\"height\":1024,\"caption\":\"Infolabs telecom\"},\"image\":{\"@id\":\"https:\/\/www.infolabs-telecom.fr\/#\/schema\/logo\/image\/\"},\"sameAs\":[\"https:\/\/www.linkedin.com\/in\/steeve-lenenn-51198b163\"]}]}<\/script>\n<!-- \/ Yoast SEO plugin. -->","yoast_head_json":{"title":"POLITIQUE DE CONFIDENTIALIT\u00c9 - Infolabs Telecom","robots":{"index":"index","follow":"follow","max-snippet":"max-snippet:-1","max-image-preview":"max-image-preview:large","max-video-preview":"max-video-preview:-1"},"canonical":"https:\/\/www.infolabs-telecom.fr\/?page_id=3","og_locale":"fr_FR","og_type":"article","og_title":"POLITIQUE DE CONFIDENTIALIT\u00c9 - Infolabs Telecom","og_description":"Politique de confidentialit\u00e9 : En vertu de l\u2019article 6 de la loi n\u00b0 2004-575 du 21 juin 2004 pour la confiance dans l\u2019\u00e9conomie num\u00e9rique, il est pr\u00e9cis\u00e9 aux utilisateurs du site https:\/\/infolabs-telecom.fr \/ l\u2019identit\u00e9 des diff\u00e9rents intervenants dans le cadre de sa r\u00e9alisation et de son suivi : Qui sommes-nous&nbsp;? L\u2019adresse de notre site Web&hellip; Lire la suite","og_url":"https:\/\/www.infolabs-telecom.fr\/?page_id=3","og_site_name":"Infolabs Telecom","article_modified_time":"2020-09-23T16:06:20+00:00","og_image":[{"width":1024,"height":1024,"url":"https:\/\/www.infolabs-telecom.fr\/wp-content\/uploads\/2019\/03\/Logo-6-1024x1024.png","type":"image\/png"}],"twitter_card":"summary_large_image","twitter_misc":{"Dur\u00e9e de lecture estim\u00e9e":"6 minutes"},"schema":{"@context":"https:\/\/schema.org","@graph":[{"@type":"WebPage","@id":"https:\/\/www.infolabs-telecom.fr\/?page_id=3","url":"https:\/\/www.infolabs-telecom.fr\/?page_id=3","name":"POLITIQUE DE CONFIDENTIALIT\u00c9 - Infolabs Telecom","isPartOf":{"@id":"https:\/\/www.infolabs-telecom.fr\/#website"},"primaryImageOfPage":{"@id":"https:\/\/www.infolabs-telecom.fr\/?page_id=3#primaryimage"},"image":{"@id":"https:\/\/www.infolabs-telecom.fr\/?page_id=3#primaryimage"},"thumbnailUrl":"https:\/\/www.infolabs-telecom.fr\/wp-content\/uploads\/2019\/03\/Logo-6.png","datePublished":"2019-02-26T08:17:21+00:00","dateModified":"2020-09-23T16:06:20+00:00","breadcrumb":{"@id":"https:\/\/www.infolabs-telecom.fr\/?page_id=3#breadcrumb"},"inLanguage":"fr-FR","potentialAction":[{"@type":"ReadAction","target":["https:\/\/www.infolabs-telecom.fr\/?page_id=3"]}]},{"@type":"ImageObject","inLanguage":"fr-FR","@id":"https:\/\/www.infolabs-telecom.fr\/?page_id=3#primaryimage","url":"https:\/\/www.infolabs-telecom.fr\/wp-content\/uploads\/2019\/03\/Logo-6.png","contentUrl":"https:\/\/www.infolabs-telecom.fr\/wp-content\/uploads\/2019\/03\/Logo-6.png","width":2500,"height":2500},{"@type":"BreadcrumbList","@id":"https:\/\/www.infolabs-telecom.fr\/?page_id=3#breadcrumb","itemListElement":[{"@type":"ListItem","position":1,"name":"Accueil","item":"https:\/\/www.infolabs-telecom.fr\/"},{"@type":"ListItem","position":2,"name":"POLITIQUE DE CONFIDENTIALIT\u00c9"}]},{"@type":"WebSite","@id":"https:\/\/www.infolabs-telecom.fr\/#website","url":"https:\/\/www.infolabs-telecom.fr\/","name":"Infolabs Telecom","description":"Votre int\u00e9grateur de solutions d&#039;entreprise","publisher":{"@id":"https:\/\/www.infolabs-telecom.fr\/#organization"},"potentialAction":[{"@type":"SearchAction","target":{"@type":"EntryPoint","urlTemplate":"https:\/\/www.infolabs-telecom.fr\/?s={search_term_string}"},"query-input":"required name=search_term_string"}],"inLanguage":"fr-FR"},{"@type":"Organization","@id":"https:\/\/www.infolabs-telecom.fr\/#organization","name":"Infolabs telecom","url":"https:\/\/www.infolabs-telecom.fr\/","logo":{"@type":"ImageObject","inLanguage":"fr-FR","@id":"https:\/\/www.infolabs-telecom.fr\/#\/schema\/logo\/image\/","url":"https:\/\/infolabs-telecom.fr\/wp-content\/uploads\/2019\/10\/Logo-6-1024x1024.png","contentUrl":"https:\/\/infolabs-telecom.fr\/wp-content\/uploads\/2019\/10\/Logo-6-1024x1024.png","width":1024,"height":1024,"caption":"Infolabs telecom"},"image":{"@id":"https:\/\/www.infolabs-telecom.fr\/#\/schema\/logo\/image\/"},"sameAs":["https:\/\/www.linkedin.com\/in\/steeve-lenenn-51198b163"]}]}},"_links":{"self":[{"href":"https:\/\/www.infolabs-telecom.fr\/index.php?rest_route=\/wp\/v2\/pages\/3"}],"collection":[{"href":"https:\/\/www.infolabs-telecom.fr\/index.php?rest_route=\/wp\/v2\/pages"}],"about":[{"href":"https:\/\/www.infolabs-telecom.fr\/index.php?rest_route=\/wp\/v2\/types\/page"}],"author":[{"embeddable":true,"href":"https:\/\/www.infolabs-telecom.fr\/index.php?rest_route=\/wp\/v2\/users\/1"}],"replies":[{"embeddable":true,"href":"https:\/\/www.infolabs-telecom.fr\/index.php?rest_route=%2Fwp%2Fv2%2Fcomments&post=3"}],"version-history":[{"count":9,"href":"https:\/\/www.infolabs-telecom.fr\/index.php?rest_route=\/wp\/v2\/pages\/3\/revisions"}],"predecessor-version":[{"id":567,"href":"https:\/\/www.infolabs-telecom.fr\/index.php?rest_route=\/wp\/v2\/pages\/3\/revisions\/567"}],"wp:featuredmedia":[{"embeddable":true,"href":"https:\/\/www.infolabs-telecom.fr\/index.php?rest_route=\/wp\/v2\/media\/33"}],"wp:attachment":[{"href":"https:\/\/www.infolabs-telecom.fr\/index.php?rest_route=%2Fwp%2Fv2%2Fmedia&parent=3"}],"curies":[{"name":"wp","href":"https:\/\/api.w.org\/{rel}","templated":true}]}}